{"id":217,"date":"2015-07-15T09:14:34","date_gmt":"2015-07-15T07:14:34","guid":{"rendered":"http:\/\/absolwencibaltowa.pl\/?page_id=217"},"modified":"2025-09-11T08:09:32","modified_gmt":"2025-09-11T06:09:32","slug":"posiedzenia-zarzadu","status":"publish","type":"page","link":"https:\/\/absolwencibaltowa.pl\/?page_id=217","title":{"rendered":"Sprawozdanie z posiedzenia Zarz\u0105du"},"content":{"rendered":"<p>Tak jest wiele opracowa\u0144,kronik,opis\u00f3w o ba\u0142towskim wzg\u00f3rzu ,pocz\u0105wszy od czas\u00f3w mi\u0119dzy rodzinnych przekaza\u0144 wzg\u00f3rza poprzez tworzenie r\u00f3\u017cnego rodzaju system\u00f3w edukacji m\u0142odzie\u017cy . W wielu opracowaniach po\u015br\u00f3d autor\u00f3w s\u0105 te\u017c opracowania absolwent\u00f3w\u00a0 w postaci wspomnie\u0144,s\u0105 to opisy dotycz\u0105ce\u00a0 najnowszej ery istnienia ba\u0142towskiego wzg\u00f3rza .Autorzy tych wspomnie\u0144 bardzo pochlebnie\u00a0 wspominaj\u0105\u00a0 czasy ba\u0142towskiej edukacji.Wspominaj\u0105 grupowo i indywidualnie\u00a0 osoby grona\u00a0 pedagogicznego.Opisuj\u0105 opowiadaj\u0105c\u00a0 jak bardzo korzystnie nauka w ba\u0142towskiej kuzni wp\u0142yn\u0119\u0142a na ich dalsze \u017cycie osobiste ,zawodowe i rodzinne.<\/p>\n<p>\u00a0Absolwenci wspominali swoje szkolne czasy z wielkim sentymentem a nawet \u017calem. Kol. J. Basak nazwa\u0142 to miejsce swoj\u0105 ma\u0142\u0105 ojczyzn\u0105, stwierdzi\u0142 r\u00f3wnie\u017c, \u017ce gdyby mury szko\u0142y i drzewa w otaczaj\u0105cym ich parku mog\u0142y przem\u00f3wi\u0107 by\u0142aby to najpi\u0119kniejsza historia tego miejsca. Kol .M. G\u00f3rniak w swoich wspomnieniach przedstawi\u0142 jak przebiega\u0142 dzie\u0144 ka\u017cdego ucznia od godz. 6:15 do 22 cisza nocna. Stwierdzi\u0142, \u017ce w tej szkole pracowali wybitni nauczyciele, a edukacja sta\u0142a na wysokim poziomie, dawa\u0142a podwaliny do dalszej pracy i kszta\u0142towa\u0142a charaktery. Wies\u0142aw Pawlak\u00a0 doceni\u0142\u00a0 r\u00f3wnie\u017c ci\u0119\u017ck\u0105 prac\u0119 opiekun\u00f3w internatu na czele kt\u00f3rych sta\u0142 kierownik H .Por\u0119ba. To oni musieli utrzyma\u0107 w ryzach 200 osobow\u0105 rozbrykan\u0105 grup\u0119 . Nale\u017ca\u0142o zorganizowa\u0107 r\u00f3\u017cne zaj\u0119cia, dba\u0142o\u015b\u0107 o klomb, sprz\u0105tanie parku. Prof. Por\u0119ba prowadzi\u0142 r\u00f3\u017cne k\u00f3\u0142ka zainteresowa\u0144, ciemnia fotograficzna, organizowa\u0142 obozy w\u0119drowne, sp\u00f3\u0142dzielnia uczniowska. Jednym s\u0142owem sprawowa\u0142 nad nami opiek\u0119 ca\u0142odobow\u0105. Trzeba by\u0142o w\u0142o\u017cy\u0107, wiele wysi\u0142ku aby stworzy\u0107 z nas jednolit\u0105 grup\u0119. Przybyli\u015bmy do Ba\u0142towa z r\u00f3\u017cnych stron Polski, z r\u00f3\u017cnych \u015brodowisk, kultur regionalnych a nawet religii, o r\u00f3\u017cnym statusie spo\u0142ecznym. Prof. Por\u0119ba nas ujednolica\u0142, nikogo nie wywy\u017csza\u0142 ani nie pomniejsza\u0142, zawsze sprawiedliwy, uczciwy, wyrozumia\u0142y, tolerancyjny. Ca\u0142a rada pedagogiczna, wszyscy razem i ka\u017cdy oddzielnie byli to wspaniali ludzie godni na\u015bladowania. Do dzi\u015b korzystamy z ich przekazanej m\u0105dro\u015bci. Om\u00f3wiono wydanie monografii szko\u0142y. Zarz\u0105d Stowarzyszenia zwraca si\u0119 do wszystkich absolwent\u00f3w o do\u0142o\u017cenie stara\u0144 aby stowarzyszenie to rozros\u0142o si\u0119 w du\u017c\u0105 ba\u0142towsk\u0105 rodzin\u0119. Poniek\u0105d jest to obowi\u0105zek ka\u017cdego absolwenta.Mamy r\u00f3zne formy kontakt\u00f3w mi\u0119dzy sob\u0105 jak r\u00f3wnie\u017c z zarz\u0105dem.Odby\u0142o si\u0119 kilka spotka\u0144 w\u0142a\u015bcicielki\u00a0 zamku &#8221; Pa\u0142acowego Wzg\u00f3rz&#8221; &#8217; z absolwentami i Zarz\u0105dem Stowarzyszenia.<\/p>\n<p>Zapraszamy.<br \/>\nZarz\u0105d Stowarzyszenia.<\/p>\n","protected":false},"excerpt":{"rendered":"<p>Tak jest wiele opracowa\u0144,kronik,opis\u00f3w o ba\u0142towskim wzg\u00f3rzu ,pocz\u0105wszy od czas\u00f3w mi\u0119dzy rodzinnych przekaza\u0144 wzg\u00f3rza poprzez tworzenie r\u00f3\u017cnego rodzaju system\u00f3w edukacji m\u0142odzie\u017cy . W wielu opracowaniach po\u015br\u00f3d autor\u00f3w s\u0105 te\u017c opracowania absolwent\u00f3w\u00a0 w postaci wspomnie\u0144,s\u0105 to opisy dotycz\u0105ce\u00a0 najnowszej ery istnienia ba\u0142towskiego wzg\u00f3rza .Autorzy tych wspomnie\u0144 bardzo pochlebnie\u00a0 wspominaj\u0105\u00a0 czasy ba\u0142towskiej edukacji.Wspominaj\u0105 grupowo i indywidualnie\u00a0 osoby [&hellip;]<\/p>\n","protected":false},"author":1,"featured_media":234,"parent":17605,"menu_order":0,"comment_status":"closed","ping_status":"closed","template":"","meta":{"ngg_post_thumbnail":0,"footnotes":""},"class_list":["post-217","page","type-page","status-publish","has-post-thumbnail","hentry"],"_links":{"self":[{"href":"https:\/\/absolwencibaltowa.pl\/index.php?rest_route=\/wp\/v2\/pages\/217","targetHints":{"allow":["GET"]}}],"collection":[{"href":"https:\/\/absolwencibaltowa.pl\/index.php?rest_route=\/wp\/v2\/pages"}],"about":[{"href":"https:\/\/absolwencibaltowa.pl\/index.php?rest_route=\/wp\/v2\/types\/page"}],"author":[{"embeddable":true,"href":"https:\/\/absolwencibaltowa.pl\/index.php?rest_route=\/wp\/v2\/users\/1"}],"replies":[{"embeddable":true,"href":"https:\/\/absolwencibaltowa.pl\/index.php?rest_route=%2Fwp%2Fv2%2Fcomments&post=217"}],"version-history":[{"count":1,"href":"https:\/\/absolwencibaltowa.pl\/index.php?rest_route=\/wp\/v2\/pages\/217\/revisions"}],"predecessor-version":[{"id":17915,"href":"https:\/\/absolwencibaltowa.pl\/index.php?rest_route=\/wp\/v2\/pages\/217\/revisions\/17915"}],"up":[{"embeddable":true,"href":"https:\/\/absolwencibaltowa.pl\/index.php?rest_route=\/wp\/v2\/pages\/17605"}],"wp:featuredmedia":[{"embeddable":true,"href":"https:\/\/absolwencibaltowa.pl\/index.php?rest_route=\/wp\/v2\/media\/234"}],"wp:attachment":[{"href":"https:\/\/absolwencibaltowa.pl\/index.php?rest_route=%2Fwp%2Fv2%2Fmedia&parent=217"}],"curies":[{"name":"wp","href":"https:\/\/api.w.org\/{rel}","templated":true}]}}