{"id":17754,"date":"2015-05-26T09:49:18","date_gmt":"2015-05-26T07:49:18","guid":{"rendered":"http:\/\/absolwencibaltowa.pl\/?page_id=5"},"modified":"2015-05-26T09:49:18","modified_gmt":"2015-05-26T07:49:18","slug":"o-nas","status":"publish","type":"page","link":"https:\/\/absolwencibaltowa.pl\/?page_id=17754","title":{"rendered":"O nas"},"content":{"rendered":"<p><strong><em>Szanowni Nauczyciele, Absolwenci i Przyjaciele!<\/em><br \/>\n<\/strong><\/p>\n<p style=\"text-align: left;\">Pomys\u0142 za\u0142o\u017cenia Stowarzyszenia Absolwent\u00f3w i Przyjaci\u00f3\u0142 Szk\u00f3\u0142 Rolniczych \u201ePa\u0142acowe wzg\u00f3rze\u201d zrodzi\u0142 si\u0119 na jednym ze spotka\u0144 15 osobowej grupy za\u0142o\u017cycielskiej, powo\u0142anej na Zje\u017adzie absolwent\u00f3w w sierpniu 2013 roku. <br \/>\nWiele spotka\u0144, dyskusji i d\u0142ugotrwa\u0142a procedura rejestracyjna zako\u0144czy\u0142a si\u0119 sukcesem. Stowarzyszenie zosta\u0142o zarejestrowane w maju 2014 r. (KRS 0000544402). <br \/>\nMotto, kt\u00f3re mobilizowa\u0142o nas do za\u0142o\u017cenia stowarzyszenia, a obecnie do dalszego dzia\u0142ania <strong>\u201e\u2026aby pami\u0119\u0107 o naszej szkole, o nas i o naszych przyjacio\u0142ach nie znikn\u0119\u0142a bezpowrotnie\u201d<\/strong> pozostaje nadal aktualne, s\u0105dzimy, \u017ce nie tylko dla nas.<br \/>\nNasze grono jest liczne i zacne. S\u0105 w\u015br\u00f3d nas rolnicy, naukowcy, biznesmeni, prawnicy, nauczyciele, duchowni, dziennikarze, politycy. Wykonujemy te\u017c wiele innych, r\u00f3wnie wa\u017cnych zawod\u00f3w. Los rozrzuci\u0142 Nas po Polsce i po \u015bwiecie, ale wszyscy nale\u017cymy do tej samej \u201eRodziny Absolwent\u00f3w i Przyjaci\u00f3\u0142 Szk\u00f3\u0142 Rolniczych i miejscowo\u015bci Ba\u0142t\u00f3w\u201d. <br \/>\nWierzymy, \u017ce Stowarzyszenie pozwoli nam nie tylko wspomina\u0107 wspania\u0142y czas sp\u0119dzony w urokliwym miejscu, ale te\u017c pomo\u017ce odnowi\u0107 i utrzymywa\u0107 dawne kole\u017ce\u0144skie i przyjacielskie wi\u0119zi, organizowa\u0107 zjazdy szkolne i klasowe, spotkania z lud\u017ami kultury, rozwija\u0107 wymian\u0119 do\u015bwiadcze\u0144 i wsp\u00f3\u0142prac\u0119 oraz pomaga\u0107 i wspiera\u0107 si\u0119 w trudnych sytuacjach \u017cyciowych. <br \/>\nW pa\u017adzierniku 2018 r. zorganizowali\u015bmy III Og\u00f3lnoszkolny Zjazd Absolwent\u00f3w, na kt\u00f3rym wybrali\u015bmy nowe w\u0142adze stowarzyszenia i wr\u0119czyli\u015bmy I wydanie monografii szko\u0142y. W 2020 r. planujemy zorganizowa\u0107 nast\u0119pny IV Walny Zjazd Absolwent\u00f3w, na kt\u00f3rym by\u0107 mo\u017ce uda si\u0119 wr\u0119czy\u0107 II uzupe\u0142nione wydanie monografii. Zale\u017ce\u0107 to jednak b\u0119dzie od Was, od ilo\u015bci zebranych materia\u0142\u00f3w i funduszy.<br \/>\nW dzia\u0142alno\u015bci stowarzyszenia na najbli\u017cszy okres, jako najwa\u017cniejsze zadanie uznali\u015bmy utworzenie Uniwersytetu Ludowego, urz\u0105dzenie siedziby i zorganizowanie izby pami\u0119ci w pomieszczeniach nowo zmodernizowanego budynku dawnego internatu oraz usprawnienie kontakt\u00f3w poprzez nasz\u0105 stron\u0119 internetow\u0105 i Facebook (wi\u0119cej w planie-harmonogramie). <br \/>\nUwaga: S\u0105 wolne egzemplarze monografii. Ka\u017cdy kto prze\u015ble do nas deklaracje wst\u0105pienia i wp\u0142aci na nasze konto roczn\u0105 sk\u0142adk\u0119 i op\u0142at\u0119 koszt\u00f3w przesy\u0142ki lub darowizn\u0119 otrzyma monografie.<\/p>\n<p><strong><em>Serdecznie pozdrawiamy. <\/em><\/strong><br \/>\n<strong><em>Zarz\u0105d Stowarzyszenia<\/em><\/strong><\/p>\n<p>&nbsp;<\/p>\n<p>&nbsp;<\/p>\n","protected":false},"excerpt":{"rendered":"<p>Szanowni Nauczyciele, Absolwenci i Przyjaciele! Pomys\u0142 za\u0142o\u017cenia Stowarzyszenia Absolwent\u00f3w i Przyjaci\u00f3\u0142 Szk\u00f3\u0142 Rolniczych \u201ePa\u0142acowe wzg\u00f3rze\u201d zrodzi\u0142 si\u0119 na jednym ze spotka\u0144 15 osobowej grupy za\u0142o\u017cycielskiej, powo\u0142anej na Zje\u017adzie absolwent\u00f3w w sierpniu 2013 roku. Wiele spotka\u0144, dyskusji i d\u0142ugotrwa\u0142a procedura rejestracyjna zako\u0144czy\u0142a si\u0119 sukcesem. Stowarzyszenie zosta\u0142o zarejestrowane w maju 2014 r. (KRS 0000544402). Motto, kt\u00f3re mobilizowa\u0142o [&hellip;]<\/p>\n","protected":false},"author":1,"featured_media":0,"parent":0,"menu_order":0,"comment_status":"closed","ping_status":"closed","template":"","meta":{"ngg_post_thumbnail":0,"footnotes":""},"class_list":["post-17754","page","type-page","status-publish","hentry"],"_links":{"self":[{"href":"https:\/\/absolwencibaltowa.pl\/index.php?rest_route=\/wp\/v2\/pages\/17754","targetHints":{"allow":["GET"]}}],"collection":[{"href":"https:\/\/absolwencibaltowa.pl\/index.php?rest_route=\/wp\/v2\/pages"}],"about":[{"href":"https:\/\/absolwencibaltowa.pl\/index.php?rest_route=\/wp\/v2\/types\/page"}],"author":[{"embeddable":true,"href":"https:\/\/absolwencibaltowa.pl\/index.php?rest_route=\/wp\/v2\/users\/1"}],"replies":[{"embeddable":true,"href":"https:\/\/absolwencibaltowa.pl\/index.php?rest_route=%2Fwp%2Fv2%2Fcomments&post=17754"}],"version-history":[{"count":0,"href":"https:\/\/absolwencibaltowa.pl\/index.php?rest_route=\/wp\/v2\/pages\/17754\/revisions"}],"wp:attachment":[{"href":"https:\/\/absolwencibaltowa.pl\/index.php?rest_route=%2Fwp%2Fv2%2Fmedia&parent=17754"}],"curies":[{"name":"wp","href":"https:\/\/api.w.org\/{rel}","templated":true}]}}